prime factors of ((-8)/j)/((-6)/(-78))?
2, 13
Suppose -520 = 125*q - 21*q. Let a(f) = -f + 1. Let i(n) = -n**3 - 5*n**2 - n + 4. Let o(t) = -a(t) + i(t). What are the prime factors of o(q)?
3
Let l = 4103 - 2754. What are the prime factors of l?
19, 71
What are the prime factors of (35/30)/((-13)/(-37284))?
2, 7, 239
List the prime factors of (-4095)/(-14)*48/10.
2, 3, 13
Let a = -3 + -4. Let f(n) = 6*n**3 - 72*n**2 + 3*n + 22. Let t be f(12). Let l = t + a. What are the prime factors of l?
3, 17
Suppose 5*h + 4925 = 5*l, -5*l + h + 3*h = -4926. List the prime factors of l.
2, 17, 29
Suppose -x + 157 = -4*f + 5*f, 5*f - 755 = 5*x. What are the prime factors of f?
2, 7, 11
Suppose 40*d - 5029 = -7*d. What are the prime factors of d?
107
Suppose -4*a + 452 = 3*k, 0*k + 2*a - 300 = -2*k. What are the prime factors of k?
2, 37
Suppose -21*p - 1578 = -23*p - 4*w, -3162 = -4*p - 2*w. List the prime factors of p.
7, 113
Let r(l) = 2*l**3 + 6*l**2 + 4*l + 28. List the prime factors of r(6).
2, 5, 7
Let k(l) = -9*l - 7. Let h be k(-3). Let b = h + -14. Suppose 3*y - b = 66. What are the prime factors of y?
2, 3
Let m be (-210)/4*8/(-6). Suppose m = g - 82. Suppose -256 = -4*r - 4*p, g = -0*r + 3*r - 5*p. What are the prime factors of r?
59
Suppose -2*d + 2*t = 3*d - 26, 0 = -3*t - 9. Suppose d*n = -4*f + 5*f + 803, 3*n - 597 = -f. List the prime factors of n.
2, 5
Let g = -104 - -54. What are the prime factors of (g/3)/(2/(-6))?
2, 5
Let a(d) = 287*d + 432. What are the prime factors of a(6)?
2, 3, 359
Suppose 474 = 3*b - 5*i, -4*i = 5*b - 535 - 255. List the prime factors of b.
2, 79
Suppose 6*x = 2*x + 28. Let s be -1 - (57 + -1) - -4 - -5. Let c = x - s. List the prime factors of c.
5, 11
Let q(u) = -2*u - 9. Let r be (2 + (-18)/4)*2. Let f be q(r). List the prime factors of ((-115)/(-10))/(f/2).
23
Suppose -3*n + 2441 = 3*j - 4*j, -j = -4*n + 3253. What are the prime factors of n?
2, 7, 29
Suppose -5*n + 177 = 4*z, 0*n - 147 = -3*z + n. Let s be z/((-12)/(-3))*-2. What are the prime factors of 18/s - (-153)/12?
2, 3
Suppose -20687 = -16*w + 1121. What are the prime factors of w?
29, 47
Let g(l) be the third derivative of 0 - 1/120*l**6 + 0*l + 8*l**2 + 1/2*l**4 + 3/20*l**5 - 1/2*l**3. List the prime factors of g(10).
17
Suppose 342*i - 6332 = 340*i. What are the prime factors of i?
2, 1583
Let w be (-3)/1 + -4 + 1 + 8. Suppose 0*z + 8 = w*z, 2*o - 330 = -4*z. What are the prime factors of o?
157
Let f(h) = -13*h - 1. Let j be f(-1). Suppose 2*l + 192 = 3*l. List the prime factors of (j/16)/(4/l).
2, 3
Suppose -5*b + 3*b = -2*i + 14, 5*b = -i - 5. Suppose -s + i = -7. Suppose 3*u = 21 + s. List the prime factors of u.
11
Let r = -565 + 1002. Let u = -298 + r. What are the prime factors of u?
139
Suppose 14*k - 374 = 508. Suppose -4*n + 3*n = -2947. List the prime factors of (-4)/(-18) + n/k.
47
Let q(l) = -l**2 - 8*l + 8. Let p be q(-8). Suppose 10*s = p*s + 148. What are the prime factors of s?
2, 37
Let a = 408 + -65. What are the prime factors of a?
7
Suppose 23*k - 54815 = -22661. List the prime factors of k.
2, 3, 233
Let k = -144 + 180. Suppose -5*z + 151 = 2*i, -75 = -2*i + 3*z + k. List the prime factors of i.
3, 7
Let j = 44 + -56. List the prime factors of (-2872)/j + 4/(-12).
239
Let t(f) = 3*f**2 - 8*f + 9. Let q(c) = -c + 1. Let l be q(-4). Let s(k) = k**2 - 4*k + 4. Let d(j) = l*s(j) - 2*t(j). What are the prime factors of d(-4)?
2
Suppose -7*n = -517 - 10354. What are the prime factors of n?
1553
Let m(y) = 4*y - 1 - 2*y + 0*y - y**2. Let q be m(1). What are the prime factors of 0 + 3 + q + 9?
2, 3
Let o(t) = t**3 + 14*t**2 + 6*t - 6. What are the prime factors of o(-6)?
2, 3, 41
Let c(i) = 596*i - 275. List the prime factors of c(6).
3301
Let p(k) = -8*k - 48. What are the prime factors of p(-16)?
2, 5
Let b(r) = 3*r**3 - 2*r**2 + 0*r + 4*r - 3 + 0. Let o = 68 - 66. What are the prime factors of b(o)?
3, 7
Let i(m) = -m**3 + 12*m**2 + 10. Let o be i(12). Let b = -8 + o. List the prime factors of ((-12)/14)/(b/(-28)).
2, 3
Suppose 4*f + 29 - 61 = 0. Let x(a) = 3*a**2 - 5*a + 16. What are the prime factors of x(f)?
2, 3, 7
Suppose 20*q = 55746 - 12346. What are the prime factors of q?
2, 5, 7, 31
Suppose 0*h = -h. Suppose 2*c + 0*c - 102 = h. What are the prime factors of c?
3, 17
Suppose 0 = 2*i + 2*p - 413 - 155, -p = -2*i + 574. List the prime factors of i.
2, 11, 13
List the prime factors of 4 + 2/(-1 - -5)*2028.
2, 509
Suppose -n - 4*h - 12 + 30 = 0, h = -3*n + 10. Suppose -n*p = 5*i - 136, 2*p - 147 = 3*i - 27. What are the prime factors of p?
3, 7
Suppose -3*f - 5*y = -652, -468 = 2*f - 4*f + 5*y. Suppose 9*g - f = 5*g. What are the prime factors of (-2)/7 + 408/g?
7
Let z = -10 + 22. Suppose z + 18 = -v. What are the prime factors of (v/(-8))/((-4)/(-16))?
3, 5
Let h be (18/(-27))/(5/(-30)). Suppose 0*x - 5*x + 20 = 0. Suppose -l + 24 = -x*v + 8*v, -3*l = -h*v - 56. What are the prime factors of l?
2, 5
Let z be (-80 - (-4 + 1))/(-1). Let r = -29 + z. What are the prime factors of r?
2, 3
Suppose 2*q + o + 31 = 375, -4*q - 5*o = -682. Let j = q - 119. List the prime factors of j.
2, 3
List the prime factors of (-203 + -2 - 7)*-4.
2, 53
Suppose 0*w = -5*w - 10. Let u(j) = j**3 + 5*j**2 - 9*j + 9. Let b(r) = r**3 + 4*r**2 - 9*r + 9. Let t(v) = w*b(v) + 3*u(v). List the prime factors of t(-8).
17
Suppose 2 = 4*r - 2. What are the prime factors of (-6)/(r + -4) + 33?
5, 7
What are the prime factors of 525 + 54/6 - -8?
2, 271
List the prime factors of ((-30)/(-9) - (2 + 1))*30.
2, 5
Suppose 0 = 4*d + 2*s - 21294, 10648 = 2*d - 5*s + 7*s. What are the prime factors of d?
5323
Let j(x) = 57*x + 6. Let i be j(1). Let r = -46 + i. What are the prime factors of r?
17
Let b(g) = 8*g**2 - 1. Let d(h) = -h + 17. Let v be d(10). Suppose -11*c = -v*c - 8. What are the prime factors of b(c)?
31
Let t(x) = 35*x**3 - 3*x**2 - 4*x + 5. Let s(a) = -36*a**3 + 4*a**2 + 5*a - 6. Let y(r) = -5*s(r) - 6*t(r). List the prime factors of y(-1).
29
Let u = -16 - 5. Let s = u - -27. Suppose 230 = -w + s*w. What are the prime factors of w?
2, 23
Let c(d) = d**2 - 22*d + 25. Let o be c(20). List the prime factors of 3/o + (-222)/(-10).
2, 11
Let h(q) be the third derivative of -q**6/60 - q**5/20 - q**4/6 - q**3 + 13*q**2. Let g be h(-5). Suppose 3*c = g - 18. What are the prime factors of c?
3, 19
Let z = 163 + 125. What are the prime factors of z?
2, 3
Suppose -7*s + 3*s + 3*o = -5645, -o + 2815 = 2*s. List the prime factors of s.
1409
Suppose 0*d - 5*u - 778 = -3*d, -4*d + 2*u = -1028. List the prime factors of d.
2
Let o be (32/12)/(16/(-24)). What are the prime factors of ((40/15)/(-4))/(o/1338)?
223
List the prime factors of (656/(-12))/(-2 + (-45)/(-27)).
2, 41
Suppose -11*x - 2520 = -13*x + 3*y, -1282 = -x - 4*y. What are the prime factors of x?
2, 3, 211
Let w be (-130)/11 - 4*(-4)/(-88). Let n(b) = b**2 + 6*b + 25. List the prime factors of n(w).
97
Let h be (-15 - 0)*8/(-12). Suppose 0 = -5*m - h + 70. Let y(v) = -v**2 + 14*v - 3. List the prime factors of y(m).
3, 7
Let q(d) = -4*d + 2*d - 5*d + 6*d + 19. What are the prime factors of q(13)?
2, 3
Suppose 3*g - 7818 = -j, -3*g - 1125 + 8925 = -5*j. What are the prime factors of g?
5, 521
Let j = 3247 - 2046. List the prime factors of j.
1201
Let h(a) = 2*a**2 - 12*a - 186. List the prime factors of h(-34).
2, 7, 181
Suppose 0 = -5*l + 3*s + 65 + 91, 0 = -3*l - 2*s + 86. What are the prime factors of l?
2, 3, 5
Let f(g) = -29*g**2 + 3*g - 1. Let b be f(-2). Let v = -98 - b. List the prime factors of v.
5
Let n(l) be the third derivative of l**6/120 + 2*l**5/15 + l**4/4 - 2*l**3/3 + l**2. Suppose -2*i - 12 - 2 = 0. What are the prime factors of n(i)?
3
Let o = 676 + -387. What are the prime factors of o?
17
List the prime factors of (4/6)/((-2)/(-7578)*6).
421
Let a(y) = 20*y**2 + 29*y + 35. Let n(d) = 4*d**2 + 6*d + 7. Let c(j) = -2*a(j) + 11*n(j). What are the prime factors of c(-6)?
103
Let g be ((-360)/2 - (-8)/8)/1. Let u = 430 + g. List the prime factors of u.
251
Suppose 4*i = -4*p + 1104, 7*i - 1392 = 2*i - p. Suppose 3*s - 2*f = -2*s + 681, -3*f - i = -2*s. What are the prime factors of s?
3, 5
Suppose 2*z + 2*z = 3*a - 60, -52 = -4*a - 4*z. Let y = a + -13. Suppose 46 = q - 3*u, 0 = 3*q